{"id":4437,"date":"2018-12-12T14:14:12","date_gmt":"2018-12-12T14:14:12","guid":{"rendered":"https:\/\/sunum.kolay.web.tr\/organik\/?page_id=4437"},"modified":"2022-05-07T12:10:17","modified_gmt":"2022-05-07T09:10:17","slug":"hakkimizda","status":"publish","type":"page","link":"https:\/\/sunum.kolay.web.tr\/organik\/hakkimizda\/","title":{"rendered":"Hakk\u0131m\u0131zda"},"content":{"rendered":"[vc_row css=&#8221;.vc_custom_1559134125722{padding-top: 10px !important;padding-bottom: 100px !important;}&#8221;][vc_column width=&#8221;5\/12&#8243; css=&#8221;.vc_custom_1558959371819{padding-right: 40px !important;}&#8221;]<div class=\"cws_spacing\"><div class=\"cws_spacing cws_spacing_default\" style=\"height:30px;\"><\/div><\/div><div id='cws_service_item_69f2ef4f04575' class='cws_service_item cws_vc_shortcode_module title_under a-left  vc_custom_1651913986589'><div class='cws_service_item_wrapper clearfix'><span class='cws_searvice_icon_wrapper cws_searvice_side'><i class='cws_service_icon cws_vc_shortcode_icon_3\u0445 flaticon-windmill'><\/i><\/span><div class='cws_service_info'><h6 class='cws_service_title'>G\u00fcvenilir, Taze, Organik<\/h6><div class='cws_service_desc clearfix'><p>Sizlere taze, organik \u00fcr\u00fcnleri g\u00fcven sertifikam\u0131zla ula\u015ft\u0131r\u0131yor ve sizi \u00f6nemsiyoruz. 20 Y\u0131ll\u0131k devaml\u0131l\u0131\u011f\u0131m\u0131z\u0131n yegane nedeni bu ilkelerimize olan ba\u011fl\u0131l\u0131\u011f\u0131m\u0131zdan kaynaklan\u0131r.<\/p>\n<\/div><\/div><\/div><\/div><div class=\"cws_spacing\"><div class=\"cws_spacing cws_spacing_default\" style=\"height:10px;\"><\/div><\/div><div class='sc_button_wrapper align-left mobile-align-center'><div id='cws_vc_shortcode_button_69f2ef4f0464c' class='cws_custom_button_wrapper cws_sc_button regular default'><span><a href='#' class='cws_custom_button'>Devam\u0131<span><\/span><i class='flaticon-arrow-pointing-to-right ml-10'><\/i><\/a><\/span><\/div><\/div>[\/vc_column][vc_column width=&#8221;7\/12&#8243;][vc_single_image image=&#8221;6415&#8243; img_size=&#8221;full&#8221; css=&#8221;.vc_custom_1558958492941{border-radius: 30px !important;}&#8221;][\/vc_column][\/vc_row][vc_row full_width=&#8221;stretch_row&#8221; bg_cws_repeat=&#8221;no-repeat&#8221; bg_cws_size=&#8221;cover&#8221; bg_image_position=&#8221;center_center&#8221; crop=&#8221;1&#8243; crop_style=&#8221;style_2&#8243; css=&#8221;.vc_custom_1559109097141{background-image: url(https:\/\/sunum.kolay.web.tr\/organik\/wp-content\/uploads\/2019\/05\/bg_740.png?id=6435) !important;}&#8221;][vc_column]<div class=\"cws_spacing cws_spacing_size_sm_desctop-on cws_spacing_tablet-on cws_spacing_mobile-on\"><div class=\"cws_spacing cws_spacing_default\" style=\"height:100px;\"><\/div> <div class=\"cws_spacing cws_spacing_size_sm_desctop\" style=\"height:100px;\"><\/div> <div class=\"cws_spacing cws_spacing_tablet\" style=\"height:50px;\"><\/div> <div class=\"cws_spacing cws_spacing_mobile\" style=\"height:50px;\"><\/div><\/div>[vc_row_inner][vc_column_inner width=&#8221;1\/3&#8243; css=&#8221;.vc_custom_1559109188836{padding-right: 50px !important;}&#8221;]<div class='cws_textmodule cws_vc_shortcode_module' id='cws_textmodule_69f2ef4f047fa'><div class='cws_textmodule_wrapper icon_pos_above'><div class='cws_textmodule_text text_align_right'><div class='cws_textmodule_titles'><div class='cws_textmodule_aside'><h2 class='cws_textmodule_title'><span>Organik \u00dcr\u00fcn<\/span><\/h2><\/div><\/div><div class='cws_textmodule_content'><div class='text_content_wrapper'><p>A\u00e7\u0131klama a\u00e7\u0131klama a\u00e7\u0131klama a\u00e7\u0131klama a\u00e7\u0131klama a\u00e7\u0131klama a\u00e7\u0131klama a\u00e7\u0131klama<\/p>\n<\/div><\/div><\/div><\/div><\/div><div class=\"cws_spacing\"><div class=\"cws_spacing cws_spacing_default\" style=\"height:70px;\"><\/div><\/div><div class='cws_textmodule cws_vc_shortcode_module' id='cws_textmodule_69f2ef4f04973'><div class='cws_textmodule_wrapper icon_pos_above'><div class='cws_textmodule_text text_align_right'><div class='cws_textmodule_titles'><div class='cws_textmodule_aside'><h2 class='cws_textmodule_title'><span>Taze \u00dcr\u00fcn<\/span><\/h2><\/div><\/div><div class='cws_textmodule_content'><div class='text_content_wrapper'><p>A\u00e7\u0131klama a\u00e7\u0131klama a\u00e7\u0131klama a\u00e7\u0131klama a\u00e7\u0131klama a\u00e7\u0131klama a\u00e7\u0131klama a\u00e7\u0131klama<\/p>\n<\/div><\/div><\/div><\/div><\/div><div class=\"cws_spacing\"><div class=\"cws_spacing cws_spacing_default\" style=\"height:70px;\"><\/div><\/div><div class='cws_textmodule cws_vc_shortcode_module' id='cws_textmodule_69f2ef4f04aeb'><div class='cws_textmodule_wrapper icon_pos_above'><div class='cws_textmodule_text text_align_right'><div class='cws_textmodule_titles'><div class='cws_textmodule_aside'><h2 class='cws_textmodule_title'><span>H\u0131zl\u0131 Teslimat<\/span><\/h2><\/div><\/div><div class='cws_textmodule_content'><div class='text_content_wrapper'><p>A\u00e7\u0131klama a\u00e7\u0131klama a\u00e7\u0131klama a\u00e7\u0131klama a\u00e7\u0131klama a\u00e7\u0131klama a\u00e7\u0131klama a\u00e7\u0131klama<\/p>\n<\/div><\/div><\/div><\/div><\/div>[\/vc_column_inner][vc_column_inner width=&#8221;1\/3&#8243;][vc_single_image image=&#8221;6436&#8243; img_size=&#8221;full&#8221;][\/vc_column_inner][vc_column_inner width=&#8221;1\/3&#8243; css=&#8221;.vc_custom_1559109194740{padding-left: 50px !important;}&#8221;]<div class='cws_textmodule cws_vc_shortcode_module' id='cws_textmodule_69f2ef4f04c42'><div class='cws_textmodule_wrapper icon_pos_above'><div class='cws_textmodule_text text_align_left'><div class='cws_textmodule_titles'><div class='cws_textmodule_aside'><h2 class='cws_textmodule_title'><span>G\u00fcven Sertifikas\u0131<\/span><\/h2><\/div><\/div><div class='cws_textmodule_content'><div class='text_content_wrapper'><p>A\u00e7\u0131klama a\u00e7\u0131klama a\u00e7\u0131klama a\u00e7\u0131klama a\u00e7\u0131klama a\u00e7\u0131klama a\u00e7\u0131klama a\u00e7\u0131klama<\/p>\n<\/div><\/div><\/div><\/div><\/div><div class=\"cws_spacing\"><div class=\"cws_spacing cws_spacing_default\" style=\"height:70px;\"><\/div><\/div><div class='cws_textmodule cws_vc_shortcode_module' id='cws_textmodule_69f2ef4f04daa'><div class='cws_textmodule_wrapper icon_pos_above'><div class='cws_textmodule_text text_align_left'><div class='cws_textmodule_titles'><div class='cws_textmodule_aside'><h2 class='cws_textmodule_title'><span>Ekonomik G\u00fcvence<\/span><\/h2><\/div><\/div><div class='cws_textmodule_content'><div class='text_content_wrapper'><p>A\u00e7\u0131klama a\u00e7\u0131klama a\u00e7\u0131klama a\u00e7\u0131klama a\u00e7\u0131klama a\u00e7\u0131klama a\u00e7\u0131klama a\u00e7\u0131klama<\/p>\n<\/div><\/div><\/div><\/div><\/div><div class=\"cws_spacing\"><div class=\"cws_spacing cws_spacing_default\" style=\"height:70px;\"><\/div><\/div><div class='cws_textmodule cws_vc_shortcode_module' id='cws_textmodule_69f2ef4f04f17'><div class='cws_textmodule_wrapper icon_pos_above'><div class='cws_textmodule_text text_align_left'><div class='cws_textmodule_titles'><div class='cws_textmodule_aside'><h2 class='cws_textmodule_title'><span>20 Y\u0131ll\u0131k Tecr\u00fcbe<\/span><\/h2><\/div><\/div><div class='cws_textmodule_content'><div class='text_content_wrapper'><p>A\u00e7\u0131klama a\u00e7\u0131klama a\u00e7\u0131klama a\u00e7\u0131klama a\u00e7\u0131klama a\u00e7\u0131klama a\u00e7\u0131klama a\u00e7\u0131klama<\/p>\n<\/div><\/div><\/div><\/div><\/div>[\/vc_column_inner][\/vc_row_inner]<div class=\"cws_spacing cws_spacing_size_sm_desctop-on cws_spacing_tablet-on cws_spacing_mobile-on\"><div class=\"cws_spacing cws_spacing_default\" style=\"height:150px;\"><\/div> <div class=\"cws_spacing cws_spacing_size_sm_desctop\" style=\"height:150px;\"><\/div> <div class=\"cws_spacing cws_spacing_tablet\" style=\"height:100px;\"><\/div> <div class=\"cws_spacing cws_spacing_mobile\" style=\"height:50px;\"><\/div><\/div>[\/vc_column][\/vc_row][vc_row full_width=&#8221;stretch_row&#8221; bg_cws_repeat=&#8221;no-repeat&#8221; bg_cws_size=&#8221;cover&#8221; bg_image_position=&#8221;center_center&#8221; crop=&#8221;1&#8243; crop_style=&#8221;style_5&#8243; css=&#8221;.vc_custom_1559132997015{margin-top: -90px !important;background: #7d9f3a url(https:\/\/sunum.kolay.web.tr\/organik\/wp-content\/uploads\/2019\/05\/bg_350.jpg?id=6440) !important;}&#8221;][vc_column]<div class=\"cws_spacing cws_spacing_size_sm_desctop-on cws_spacing_tablet-on cws_spacing_mobile-on\"><div class=\"cws_spacing cws_spacing_default\" style=\"height:50px;\"><\/div> <div class=\"cws_spacing cws_spacing_size_sm_desctop\" style=\"height:50px;\"><\/div> <div class=\"cws_spacing cws_spacing_tablet\" style=\"height:50px;\"><\/div> <div class=\"cws_spacing cws_spacing_mobile\" style=\"height:50px;\"><\/div><\/div>[vc_row_inner][vc_column_inner width=&#8221;1\/3&#8243;]<div id='cws_service_item_69f2ef4f050d7' class='cws_service_item cws_vc_shortcode_module title_under a-center  vc_custom_1651914339054'><div class='cws_service_item_wrapper clearfix'><span class='cws_searvice_icon_wrapper cws_searvice_side'><i class='cws_service_icon cws_vc_shortcode_icon_3\u0445 flaticon-farm'><\/i><\/span><div class='cws_service_info'><h6 class='cws_service_title'>Kameral\u0131 Tesis<\/h6><div class='cws_service_desc clearfix'><p>\u00c7iftli\u011fimizi 7\/24 canl\u0131 olarak izleyebilirsiniz.<\/p>\n<\/div><\/div><\/div><\/div>[\/vc_column_inner][vc_column_inner width=&#8221;1\/3&#8243;]<div id='cws_service_item_69f2ef4f05278' class='cws_service_item cws_vc_shortcode_module title_under a-center  vc_custom_1651914361445'><div class='cws_service_item_wrapper clearfix'><span class='cws_searvice_icon_wrapper cws_searvice_side'><i class='cws_service_icon cws_vc_shortcode_icon_3\u0445 flaticon-milk-bottle'><\/i><\/span><div class='cws_service_info'><h6 class='cws_service_title'>G\u00fcnl\u00fck S\u00fct<\/h6><div class='cws_service_desc clearfix'><p>S\u00fctlerimiz g\u00fcnl\u00fck taze sa\u011f\u0131larak taraf\u0131n\u0131za ula\u015ft\u0131r\u0131l\u0131r.<\/p>\n<\/div><\/div><\/div><\/div>[\/vc_column_inner][vc_column_inner width=&#8221;1\/3&#8243;]<div id='cws_service_item_69f2ef4f05404' class='cws_service_item cws_vc_shortcode_module title_under a-center  vc_custom_1651914417560'><div class='cws_service_item_wrapper clearfix'><span class='cws_searvice_icon_wrapper cws_searvice_side'><i class='cws_service_icon cws_vc_shortcode_icon_3\u0445 flaticon-cow'><\/i><\/span><div class='cws_service_info'><h6 class='cws_service_title'>%100 Helal<\/h6><div class='cws_service_desc clearfix'><p>T\u00fcm et \u00fcr\u00fcnlerimiz %100 helaldir, sertifikal\u0131d\u0131r.<\/p>\n<\/div><\/div><\/div><\/div>[\/vc_column_inner][\/vc_row_inner]<div class=\"cws_spacing cws_spacing_size_sm_desctop-on cws_spacing_tablet-on cws_spacing_mobile-on\"><div class=\"cws_spacing cws_spacing_default\" style=\"height:60px;\"><\/div> <div class=\"cws_spacing cws_spacing_size_sm_desctop\" style=\"height:60px;\"><\/div> <div class=\"cws_spacing cws_spacing_tablet\" style=\"height:50px;\"><\/div> <div class=\"cws_spacing cws_spacing_mobile\" style=\"height:50px;\"><\/div><\/div>[\/vc_column][\/vc_row][vc_row][vc_column]<div class=\"cws_spacing cws_spacing_size_sm_desctop-on cws_spacing_tablet-on cws_spacing_mobile-on\"><div class=\"cws_spacing cws_spacing_default\" style=\"height:110px;\"><\/div> <div class=\"cws_spacing cws_spacing_size_sm_desctop\" style=\"height:110px;\"><\/div> <div class=\"cws_spacing cws_spacing_tablet\" style=\"height:50px;\"><\/div> <div class=\"cws_spacing cws_spacing_mobile\" style=\"height:50px;\"><\/div><\/div>[vc_row_inner][vc_column_inner width=&#8221;1\/5&#8243;][\/vc_column_inner][vc_column_inner width=&#8221;3\/5&#8243; css=&#8221;.vc_custom_1558963977132{padding-right: 20px !important;padding-left: 20px !important;}&#8221;]<div class='cws_textmodule cws_vc_shortcode_module' id='cws_textmodule_69f2ef4f05537'><div class='cws_textmodule_wrapper icon_pos_beside'><div class='cws_textmodule_text text_align_center'><div class='cws_textmodule_titles'><div class='cws_textmodule_icon_wrapper'><div class='cws_textmodule_icon'><i class='flaticon-rating'><\/i><\/div><\/div><div class='cws_textmodule_aside'><h2 class='cws_textmodule_title'><span>M\u00fc\u015fteri G\u00f6r\u00fc\u015fleri<\/span><\/h2><\/div><\/div><\/div><\/div><\/div><div class=\"cws_spacing\"><div class=\"cws_spacing cws_spacing_default\" style=\"height:10px;\"><\/div><\/div><div id='cws_testimonail_69f2ef4f0558c' class='testimonial style_2 testimonials_col_1 a-center testimonials_carousel' data-col='1'  data-navigation='true'><div class='testimonial_item text_aligncenter'><div class='content_wrap'><div class='quote_wrap'>Te\u015fekk\u00fcrler Organik Kolay ma\u011fazas\u0131, sizlerin \u00fcr\u00fcnlerini t\u00fcketmek ve hediye etmek ailemiz i\u00e7in bir al\u0131\u015fkanl\u0131k halini ald\u0131.<\/div><div class='info_wrap'><div class='info_wrap_inner with_rating'><div class='testimonial_rating'><i class='fas fa-star'><\/i><i class='fas fa-star'><\/i><i class='fas fa-star'><\/i><i class='fas fa-star'><\/i><i class='far fa-star'><\/i><\/div><h5 class='testimonial_name'>Ali Semen<\/h5><\/div><\/div><\/div><\/div><div class='testimonial_item text_aligncenter'><div class='content_wrap'><div class='quote_wrap'>Te\u015fekk\u00fcrler Organik Kolay ma\u011fazas\u0131, sizlerin \u00fcr\u00fcnlerini t\u00fcketmek ve hediye etmek ailemiz i\u00e7in bir al\u0131\u015fkanl\u0131k halini ald\u0131.<\/div><div class='info_wrap'><div class='info_wrap_inner with_rating'><div class='testimonial_rating'><i class='fas fa-star'><\/i><i class='fas fa-star'><\/i><i class='fas fa-star'><\/i><i class='far fa-star'><\/i><i class='far fa-star'><\/i><\/div><h5 class='testimonial_name'>Recep Ke\u00e7eli<\/h5><\/div><\/div><\/div><\/div><div class='testimonial_item text_aligncenter'><div class='content_wrap'><div class='quote_wrap'>Te\u015fekk\u00fcrler Organik Kolay ma\u011fazas\u0131, sizlerin \u00fcr\u00fcnlerini t\u00fcketmek ve hediye etmek ailemiz i\u00e7in bir al\u0131\u015fkanl\u0131k halini ald\u0131.<\/div><div class='info_wrap'><div class='info_wrap_inner with_rating'><div class='testimonial_rating'><i class='fas fa-star'><\/i><i class='fas fa-star'><\/i><i class='far fa-star'><\/i><i class='far fa-star'><\/i><i class='far fa-star'><\/i><\/div><h5 class='testimonial_name'>Esved Aydar<\/h5><\/div><\/div><\/div><\/div><\/div>[\/vc_column_inner][vc_column_inner width=&#8221;1\/5&#8243;][\/vc_column_inner][\/vc_row_inner]<div class=\"cws_spacing cws_spacing_size_sm_desctop-on cws_spacing_tablet-on cws_spacing_mobile-on\"><div class=\"cws_spacing cws_spacing_default\" style=\"height:110px;\"><\/div> <div class=\"cws_spacing cws_spacing_size_sm_desctop\" style=\"height:110px;\"><\/div> <div class=\"cws_spacing cws_spacing_tablet\" style=\"height:50px;\"><\/div> <div class=\"cws_spacing cws_spacing_mobile\" style=\"height:50px;\"><\/div><\/div>[\/vc_column][\/vc_row][vc_row full_width=&#8221;stretch_row&#8221; bg_cws_repeat=&#8221;no-repeat&#8221; bg_cws_size=&#8221;cover&#8221; bg_image_position=&#8221;center_center&#8221; crop=&#8221;1&#8243; crop_style=&#8221;style_3&#8243; css=&#8221;.vc_custom_1559192760001{background-color: #f4f7e8 !important;}&#8221;][vc_column]<div class=\"cws_spacing\"><div class=\"cws_spacing cws_spacing_default\" style=\"height:40px;\"><\/div><\/div>[vc_row_inner][vc_column_inner width=&#8221;1\/6&#8243;][vc_column_text]<img loading=\"lazy\" decoding=\"async\" class=\"wp-image-6581 size-full aligncenter\" src=\"https:\/\/sunum.kolay.web.tr\/organik\/wp-content\/uploads\/2019\/06\/logo_01.png\" alt=\"\" width=\"180\" height=\"95\" \/>[\/vc_column_text][\/vc_column_inner][vc_column_inner width=&#8221;1\/6&#8243;][vc_column_text]<img loading=\"lazy\" decoding=\"async\" class=\"wp-image-6582 size-full aligncenter\" src=\"https:\/\/sunum.kolay.web.tr\/organik\/wp-content\/uploads\/2019\/06\/logo_02.png\" alt=\"\" width=\"180\" height=\"95\" \/>[\/vc_column_text][\/vc_column_inner][vc_column_inner width=&#8221;1\/6&#8243;][vc_column_text]<img loading=\"lazy\" decoding=\"async\" class=\"wp-image-6583 size-full aligncenter\" src=\"https:\/\/sunum.kolay.web.tr\/organik\/wp-content\/uploads\/2019\/06\/logo_03.png\" alt=\"\" width=\"180\" height=\"95\" \/>[\/vc_column_text][\/vc_column_inner][vc_column_inner width=&#8221;1\/6&#8243;][vc_column_text]<img loading=\"lazy\" decoding=\"async\" class=\"wp-image-6584 size-full aligncenter\" src=\"https:\/\/sunum.kolay.web.tr\/organik\/wp-content\/uploads\/2019\/06\/logo_04.png\" alt=\"\" width=\"180\" height=\"95\" \/>[\/vc_column_text][\/vc_column_inner][vc_column_inner width=&#8221;1\/6&#8243;][vc_column_text]<img loading=\"lazy\" decoding=\"async\" class=\"wp-image-6585 size-full aligncenter\" src=\"https:\/\/sunum.kolay.web.tr\/organik\/wp-content\/uploads\/2019\/06\/logo_05.png\" alt=\"\" width=\"180\" height=\"95\" \/>[\/vc_column_text][\/vc_column_inner][vc_column_inner width=&#8221;1\/6&#8243;][vc_column_text]<img loading=\"lazy\" decoding=\"async\" class=\"wp-image-6586 size-full aligncenter\" src=\"https:\/\/sunum.kolay.web.tr\/organik\/wp-content\/uploads\/2019\/06\/logo_06.png\" alt=\"\" width=\"180\" height=\"95\" \/>[\/vc_column_text][\/vc_column_inner][\/vc_row_inner]<div class=\"cws_spacing\"><div class=\"cws_spacing cws_spacing_default\" style=\"height:40px;\"><\/div><\/div>[\/vc_column][\/vc_row]\n","protected":false},"excerpt":{"rendered":"<p>[vc_row css=&#8221;.vc_custom_1559134125722{padding-top: 10px !important;padding-bottom: 100px !important;}&#8221;][vc_column width=&#8221;5\/12&#8243; css=&#8221;.vc_custom_1558959371819{padding-right: 40px !important;}&#8221;][\/vc_column][vc_column width=&#8221;7\/12&#8243;][vc_single_image image=&#8221;6415&#8243; img_size=&#8221;full&#8221; css=&#8221;.vc_custom_1558958492941{border-radius: 30px !important;}&#8221;][\/vc_column][\/vc_row][vc_row full_width=&#8221;stretch_row&#8221; bg_cws_repeat=&#8221;no-repeat&#8221; bg_cws_size=&#8221;cover&#8221; bg_image_position=&#8221;center_center&#8221; crop=&#8221;1&#8243; crop_style=&#8221;style_2&#8243; css=&#8221;.vc_custom_1559109097141{background-image: url(https:\/\/sunum.kolay.web.tr\/organik\/wp-content\/uploads\/2019\/05\/bg_740.png?id=6435) !important;}&#8221;][vc_column][vc_row_inner][vc_column_inner width=&#8221;1\/3&#8243; css=&#8221;.vc_custom_1559109188836{padding-right: 50px !important;}&#8221;][\/vc_column_inner][vc_column_inner width=&#8221;1\/3&#8243;][vc_single_image image=&#8221;6436&#8243; img_size=&#8221;full&#8221;][\/vc_column_inner][vc_column_inner width=&#8221;1\/3&#8243; css=&#8221;.vc_custom_1559109194740{padding-left: 50px !important;}&#8221;][\/vc_column_inner][\/vc_row_inner][\/vc_column][\/vc_row][vc_row full_width=&#8221;stretch_row&#8221; bg_cws_repeat=&#8221;no-repeat&#8221; bg_cws_size=&#8221;cover&#8221; bg_image_position=&#8221;center_center&#8221; crop=&#8221;1&#8243; crop_style=&#8221;style_5&#8243; css=&#8221;.vc_custom_1559132997015{margin-top: -90px !important;background: #7d9f3a url(https:\/\/sunum.kolay.web.tr\/organik\/wp-content\/uploads\/2019\/05\/bg_350.jpg?id=6440) !important;}&#8221;][vc_column][vc_row_inner][vc_column_inner width=&#8221;1\/3&#8243;][\/vc_column_inner][vc_column_inner width=&#8221;1\/3&#8243;][\/vc_column_inner][vc_column_inner width=&#8221;1\/3&#8243;][\/vc_column_inner][\/vc_row_inner][\/vc_column][\/vc_row][vc_row][vc_column][vc_row_inner][vc_column_inner width=&#8221;1\/5&#8243;][\/vc_column_inner][vc_column_inner width=&#8221;3\/5&#8243; css=&#8221;.vc_custom_1558963977132{padding-right: 20px !important;padding-left: 20px !important;}&#8221;][\/vc_column_inner][vc_column_inner width=&#8221;1\/5&#8243;][\/vc_column_inner][\/vc_row_inner][\/vc_column][\/vc_row][vc_row full_width=&#8221;stretch_row&#8221; bg_cws_repeat=&#8221;no-repeat&#8221; bg_cws_size=&#8221;cover&#8221; bg_image_position=&#8221;center_center&#8221; crop=&#8221;1&#8243; crop_style=&#8221;style_3&#8243; css=&#8221;.vc_custom_1559192760001{background-color: #f4f7e8 !important;}&#8221;][vc_column][vc_row_inner][vc_column_inner width=&#8221;1\/6&#8243;][vc_column_text][\/vc_column_text][\/vc_column_inner][vc_column_inner width=&#8221;1\/6&#8243;][vc_column_text][\/vc_column_text][\/vc_column_inner][vc_column_inner width=&#8221;1\/6&#8243;][vc_column_text][\/vc_column_text][\/vc_column_inner][vc_column_inner width=&#8221;1\/6&#8243;][vc_column_text][\/vc_column_text][\/vc_column_inner][vc_column_inner width=&#8221;1\/6&#8243;][vc_column_text][\/vc_column_text][\/vc_column_inner][vc_column_inner width=&#8221;1\/6&#8243;][vc_column_text][\/vc_column_text][\/vc_column_inner][\/vc_row_inner][\/vc_column][\/vc_row]<\/p>\n","protected":false},"author":1,"featured_media":0,"parent":0,"menu_order":0,"comment_status":"closed","ping_status":"closed","template":"","meta":{"footnotes":""},"class_list":["post-4437","page","type-page","status-publish","hentry"],"_links":{"self":[{"href":"https:\/\/sunum.kolay.web.tr\/organik\/wp-json\/wp\/v2\/pages\/4437","targetHints":{"allow":["GET"]}}],"collection":[{"href":"https:\/\/sunum.kolay.web.tr\/organik\/wp-json\/wp\/v2\/pages"}],"about":[{"href":"https:\/\/sunum.kolay.web.tr\/organik\/wp-json\/wp\/v2\/types\/page"}],"author":[{"embeddable":true,"href":"https:\/\/sunum.kolay.web.tr\/organik\/wp-json\/wp\/v2\/users\/1"}],"replies":[{"embeddable":true,"href":"https:\/\/sunum.kolay.web.tr\/organik\/wp-json\/wp\/v2\/comments?post=4437"}],"version-history":[{"count":3,"href":"https:\/\/sunum.kolay.web.tr\/organik\/wp-json\/wp\/v2\/pages\/4437\/revisions"}],"predecessor-version":[{"id":6646,"href":"https:\/\/sunum.kolay.web.tr\/organik\/wp-json\/wp\/v2\/pages\/4437\/revisions\/6646"}],"wp:attachment":[{"href":"https:\/\/sunum.kolay.web.tr\/organik\/wp-json\/wp\/v2\/media?parent=4437"}],"curies":[{"name":"wp","href":"https:\/\/api.w.org\/{rel}","templated":true}]}}